
Calculate the greatest common divisor of 699951 and 3.
3
What is the greatest common factor of 36 and 45636?
12
What is the highest common divisor of 608 and 1616672?
608
What is the highest common divisor of 1126417 and 1018?
509
Calculate the greatest common divisor of 3950043 and 138.
69
What is the highest common divisor of 752 and 2388728?
376
Calculate the highest common factor of 964361 and 205.
41
Calculate the highest common factor of 2187 and 1088883.
243
What is the highest common factor of 825 and 536800?
275
What is the greatest common divisor of 300 and 1725?
75
What is the highest common divisor of 312 and 21073?
13
Calculate the highest common divisor of 92 and 924.
4
What is the greatest common divisor of 19 and 2031974?
19
Calculate the greatest common factor of 812 and 784.
28
What is the greatest common factor of 21038 and 1340?
134
Calculate the highest common divisor of 91160 and 5160.
1720
Calculate the highest common divisor of 31 and 1143.
1
What is the greatest common factor of 217 and 2359?
7
What is the greatest common divisor of 723 and 24341?
241
What is the greatest common factor of 46248 and 96?
24
What is the highest common factor of 22198 and 253?
11
Calculate the highest common divisor of 154 and 813813.
77
What is the greatest common divisor of 133 and 288154?
19
What is the highest common factor of 9633 and 350987?
247
Calculate the greatest common divisor of 676 and 8996.
52
Calculate the greatest common factor of 1861860 and 65.
65
Calculate the greatest common divisor of 17110 and 7830.
290
Calculate the greatest common divisor of 272 and 113104.
16
What is the greatest common factor of 639 and 58433?
71
What is the highest common factor of 520 and 281580?
260
Calculate the highest common factor of 16517940 and 24.
12
What is the greatest common factor of 2808 and 9516?
156
What is the greatest common factor of 128975 and 2814?
469
Calculate the greatest common factor of 45 and 13311.
9
Calculate the greatest common divisor of 138 and 64262.
46
What is the greatest common factor of 28688 and 40?
8
What is the highest common factor of 6 and 492603?
3
Calculate the greatest common divisor of 118146 and 5568.
174
Calculate the greatest common divisor of 9731 and 185.
37
Calculate the highest common factor of 4557 and 84.
21
What is the greatest common divisor of 22631 and 305?
61
What is the greatest common factor of 18 and 103356?
18
What is the greatest common factor of 19047 and 672?
21
What is the greatest common factor of 736269 and 12?
3
What is the greatest common divisor of 12 and 1432?
4
What is the highest common divisor of 24377 and 76?
19
What is the greatest common factor of 2 and 377528?
2
What is the highest common factor of 9268 and 126?
14
What is the highest common factor of 1449 and 1134?
63
Calculate the highest common factor of 371 and 6678.
371
Calculate the highest common factor of 338052 and 394.
394
What is the highest common divisor of 1518 and 1725?
69
What is the greatest common factor of 169 and 4459?
13
Calculate the greatest common divisor of 736 and 70448.
16
What is the highest common divisor of 506558 and 26?
26
Calculate the greatest common factor of 216 and 141543.
9
What is the greatest common factor of 12250 and 16550?
50
Calculate the greatest common divisor of 6688 and 8569.
209
What is the greatest common divisor of 1334 and 3170918?
1334
Calculate the highest common factor of 436480 and 155.
155
What is the highest common divisor of 25871 and 631?
631
Calculate the greatest common factor of 39 and 5239026.
39
Calculate the highest common factor of 1882909 and 217.
217
What is the greatest common factor of 32 and 5354?
2
What is the highest common factor of 334336 and 1024?
512
Calculate the highest common divisor of 301 and 518.
7
Calculate the highest common divisor of 6 and 10709862.
6
What is the highest common factor of 540 and 1698660?
180
What is the greatest common divisor of 2375406 and 1188?
594
What is the greatest common factor of 1591 and 1376?
43
What is the greatest common factor of 4716 and 684?
36
What is the highest common divisor of 35200 and 395648?
1408
Calculate the highest common divisor of 30 and 129726.
6
What is the highest common divisor of 139889 and 236?
59
What is the highest common divisor of 309 and 63963?
309
Calculate the highest common factor of 728 and 679.
7
Calculate the greatest common factor of 9 and 558339.
3
Calculate the greatest common factor of 4136224 and 152.
152
What is the highest common factor of 1957 and 114?
19
Calculate the greatest common divisor of 9890 and 552.
46
What is the highest common factor of 34930 and 175?
35
What is the greatest common factor of 284495 and 85?
85
What is the highest common factor of 138993 and 2889?
321
What is the highest common divisor of 280723 and 809?
809
What is the highest common divisor of 13408 and 3424?
32
What is the greatest common divisor of 2916 and 12780?
36
What is the greatest common factor of 3327390 and 396?
198
Calculate the greatest common factor of 1471675 and 2150.
1075
Calculate the greatest common factor of 52 and 23252.
4
What is the greatest common divisor of 80 and 240?
80
What is the greatest common factor of 2855 and 545?
5
What is the greatest common factor of 279 and 13981?
31
What is the greatest common factor of 11932 and 157?
157
What is the greatest common divisor of 37130 and 30?
10
Calculate the greatest common factor of 3245 and 71005.
55
What is the highest common divisor of 440013 and 161?
161
Calculate the highest common divisor of 2318 and 4148.
122
Calculate the highest common factor of 6400 and 15008.
32
Calculate the highest common divisor of 294 and 100926.
42
What is the greatest common factor of 24206 and 3819?
19
Calculate the highest common factor of 37320 and 1960.
40
Calculate the greatest common factor of 128041 and 1311.
437
Calculate the highest common divisor of 40 and 45808.
8
What is the highest common divisor of 33523 and 70?
7
Calculate the greatest common divisor of 98694 and 36.
18
What is the greatest common divisor of 222 and 82029?
111
Calculate the greatest common divisor of 1024004 and 236.
236
What is the greatest common factor of 191200 and 1400?
200
Calculate the highest common divisor of 188217 and 1539.
27
Calculate the highest common divisor of 89225 and 2580.
215
What is the highest common factor of 228 and 12844?
76
What is the greatest common divisor of 28 and 336266?
14
What is the greatest common divisor of 540 and 358335?
45
What is the greatest common divisor of 653688 and 504?
504
What is the greatest common divisor of 1032 and 560832?
24
What is the greatest common factor of 23207 and 2018?
1009
What is the highest common factor of 36982 and 1408?
22
Calculate the highest common factor of 56 and 636664.
56
Calculate the greatest common divisor of 168 and 1961092.
28
Calculate the highest common divisor of 202594 and 4263.
203
Calculate the highest common factor of 5000 and 5240.
40
Calculate the greatest common factor of 9 and 12267.
9
What is the greatest common divisor of 31272 and 120?
24
Calculate the greatest common factor of 3081 and 1659.
237
What is the highest common divisor of 3135 and 38643?
33
Calculate the greatest common divisor of 70565 and 220.
55
Calculate the highest common divisor of 5 and 78545.
5
What is the highest common factor of 277 and 1244561?
277
Calculate the greatest common divisor of 2073698 and 76.
38
Calculate the highest common factor of 428 and 314.
2
What is the highest common divisor of 117764 and 499?
499
What is the highest common factor of 49829 and 13?
13
Calculate the highest common divisor of 90212 and 114.
38
What is the greatest common factor of 78201 and 99?
9
Calculate the highest common divisor of 86615 and 80.
5
What is the greatest common factor of 15267 and 147?
21
Calculate the greatest common factor of 54 and 46758.
6
What is the greatest common divisor of 1791 and 327554?
199
Calculate the greatest common divisor of 1817953 and 53.
53
Calculate the highest common factor of 3818 and 32785.
83
What is the highest common divisor of 22 and 436502?
22
What is the greatest common divisor of 2200 and 2156?
44
What is the highest common divisor of 32369